{"id":2293,"date":"2025-01-25T17:39:09","date_gmt":"2025-01-25T17:39:09","guid":{"rendered":"https:\/\/oporto-specialrentalbikes.pt\/?post_type=product&#038;p=2293"},"modified":"2026-02-21T17:23:17","modified_gmt":"2026-02-21T17:23:17","slug":"suporte-gps-garmin","status":"publish","type":"product","link":"https:\/\/oporto-specialrentalbikes.pt\/en\/product\/suporte-gps-garmin\/","title":{"rendered":"Garmin GPS Support"},"content":{"rendered":"<p>Coloque-se a si E aos seus dados na frente do grupo com este novo suporte frontal para montagem em bicicleta.<\/p>\n<p>Este suporte permite-lhe tirar o m\u00e1ximo partido dos dados consistentes fornecidos pelo Edge\u00ae sem comprometer o seu percurso. O Edge est\u00e1 mesmo \u00e0 sua frente para um posicionamento f\u00e1cil e alerta, e maior seguran\u00e7a.<\/p>\n<p>Utiliza um Forerunner 910XT ou 310XT com um kit de liberta\u00e7\u00e3o r\u00e1pida (vendido em separado) para treino? Tamb\u00e9m os pode usar com este suporte. Basta retirar os parafusos do fundo, rodar o suporte interior e voltar a inserir os parafusos, e o seu rel\u00f3gio ser\u00e1 montado na orienta\u00e7\u00e3o correta no guiador.<\/p>","protected":false},"excerpt":{"rendered":"<p>Suporte GPS Garmin.<\/p>","protected":false},"featured_media":2579,"comment_status":"open","ping_status":"closed","template":"","meta":{"zakra_page_container_layout":"customizer","zakra_page_sidebar_layout":"customizer","zakra_remove_content_margin":false,"zakra_sidebar":"customizer","zakra_transparent_header":"customizer","zakra_logo":0,"zakra_main_header_style":"default","zakra_menu_item_color":"","zakra_menu_item_hover_color":"","zakra_menu_item_active_color":"","zakra_menu_active_style":"","zakra_page_header":true},"product_brand":[],"product_cat":[72],"product_tag":[],"class_list":{"0":"post-2293","1":"product","2":"type-product","3":"status-publish","4":"has-post-thumbnail","6":"product_cat-gps","8":"first","9":"instock","10":"virtual","11":"purchasable","12":"product-type-simple"},"_links":{"self":[{"href":"https:\/\/oporto-specialrentalbikes.pt\/en\/wp-json\/wp\/v2\/product\/2293","targetHints":{"allow":["GET"]}}],"collection":[{"href":"https:\/\/oporto-specialrentalbikes.pt\/en\/wp-json\/wp\/v2\/product"}],"about":[{"href":"https:\/\/oporto-specialrentalbikes.pt\/en\/wp-json\/wp\/v2\/types\/product"}],"replies":[{"embeddable":true,"href":"https:\/\/oporto-specialrentalbikes.pt\/en\/wp-json\/wp\/v2\/comments?post=2293"}],"wp:featuredmedia":[{"embeddable":true,"href":"https:\/\/oporto-specialrentalbikes.pt\/en\/wp-json\/wp\/v2\/media\/2579"}],"wp:attachment":[{"href":"https:\/\/oporto-specialrentalbikes.pt\/en\/wp-json\/wp\/v2\/media?parent=2293"}],"wp:term":[{"taxonomy":"product_brand","embeddable":true,"href":"https:\/\/oporto-specialrentalbikes.pt\/en\/wp-json\/wp\/v2\/product_brand?post=2293"},{"taxonomy":"product_cat","embeddable":true,"href":"https:\/\/oporto-specialrentalbikes.pt\/en\/wp-json\/wp\/v2\/product_cat?post=2293"},{"taxonomy":"product_tag","embeddable":true,"href":"https:\/\/oporto-specialrentalbikes.pt\/en\/wp-json\/wp\/v2\/product_tag?post=2293"}],"curies":[{"name":"wp","href":"https:\/\/api.w.org\/{rel}","templated":true}]}}

<p>Coloque-se a si E aos seus dados na frente do grupo com este novo suporte frontal para montagem em bicicleta.</p>
<p>Este suporte permite-lhe tirar o máximo partido dos dados consistentes fornecidos pelo Edge® sem comprometer o seu percurso. O Edge está mesmo à sua frente para um posicionamento fácil e alerta, e maior segurança.</p>
<p>Utiliza um Forerunner 910XT ou 310XT com um kit de libertação rápida (vendido em separado) para treino? Também os pode usar com este suporte. Basta retirar os parafusos do fundo, rodar o suporte interior e voltar a inserir os parafusos, e o seu relógio será montado na orientação correta no guiador.</p>
