{"id":2289,"date":"2025-01-25T17:34:03","date_gmt":"2025-01-25T17:34:03","guid":{"rendered":"https:\/\/oporto-specialrentalbikes.pt\/?post_type=product&#038;p=2289"},"modified":"2026-02-21T17:23:56","modified_gmt":"2026-02-21T17:23:56","slug":"pedais-shimano-spd-sl","status":"publish","type":"product","link":"https:\/\/oporto-specialrentalbikes.pt\/en\/product\/pedais-shimano-spd-sl\/","title":{"rendered":"Shimano SPD-SL Pedals"},"content":{"rendered":"<p>O SPD-SL \u00e9 uma plataforma de pedal de estrada concebida sistematicamente com os fabricantes de cal\u00e7ado SHIMANO para transferir mais pot\u00eancia do seu corpo \u00e0 sua bicicleta. A travessa de baixo perfil, extra larga distribui a energia mais equitativamente sobre uma superf\u00edcie maior e transfere-a de forma mais eficiente para a bicicleta, em condi\u00e7\u00f5es extremas de cargas de pedalagem. Com engenharia de sistemas, afinado a pensar no ciclista, resist\u00eancia melhorada em voltas mais longas. Mais conforto e divers\u00e3o!<\/p>","protected":false},"excerpt":{"rendered":"<p>Pedais Shimano SPD-SL.<\/p>","protected":false},"featured_media":3248,"comment_status":"open","ping_status":"closed","template":"","meta":{"zakra_page_container_layout":"customizer","zakra_page_sidebar_layout":"customizer","zakra_remove_content_margin":false,"zakra_sidebar":"customizer","zakra_transparent_header":"customizer","zakra_logo":0,"zakra_main_header_style":"default","zakra_menu_item_color":"","zakra_menu_item_hover_color":"","zakra_menu_item_active_color":"","zakra_menu_active_style":"","zakra_page_header":true},"product_brand":[],"product_cat":[74],"product_tag":[],"class_list":{"0":"post-2289","1":"product","2":"type-product","3":"status-publish","4":"has-post-thumbnail","6":"product_cat-pedais","8":"first","9":"instock","10":"virtual","11":"purchasable","12":"product-type-simple"},"_links":{"self":[{"href":"https:\/\/oporto-specialrentalbikes.pt\/en\/wp-json\/wp\/v2\/product\/2289","targetHints":{"allow":["GET"]}}],"collection":[{"href":"https:\/\/oporto-specialrentalbikes.pt\/en\/wp-json\/wp\/v2\/product"}],"about":[{"href":"https:\/\/oporto-specialrentalbikes.pt\/en\/wp-json\/wp\/v2\/types\/product"}],"replies":[{"embeddable":true,"href":"https:\/\/oporto-specialrentalbikes.pt\/en\/wp-json\/wp\/v2\/comments?post=2289"}],"wp:featuredmedia":[{"embeddable":true,"href":"https:\/\/oporto-specialrentalbikes.pt\/en\/wp-json\/wp\/v2\/media\/3248"}],"wp:attachment":[{"href":"https:\/\/oporto-specialrentalbikes.pt\/en\/wp-json\/wp\/v2\/media?parent=2289"}],"wp:term":[{"taxonomy":"product_brand","embeddable":true,"href":"https:\/\/oporto-specialrentalbikes.pt\/en\/wp-json\/wp\/v2\/product_brand?post=2289"},{"taxonomy":"product_cat","embeddable":true,"href":"https:\/\/oporto-specialrentalbikes.pt\/en\/wp-json\/wp\/v2\/product_cat?post=2289"},{"taxonomy":"product_tag","embeddable":true,"href":"https:\/\/oporto-specialrentalbikes.pt\/en\/wp-json\/wp\/v2\/product_tag?post=2289"}],"curies":[{"name":"wp","href":"https:\/\/api.w.org\/{rel}","templated":true}]}}

<p>O SPD-SL é uma plataforma de pedal de estrada concebida sistematicamente com os fabricantes de calçado SHIMANO para transferir mais potência do seu corpo à sua bicicleta. A travessa de baixo perfil, extra larga distribui a energia mais equitativamente sobre uma superfície maior e transfere-a de forma mais eficiente para a bicicleta, em condições extremas de cargas de pedalagem. Com engenharia de sistemas, afinado a pensar no ciclista, resistência melhorada em voltas mais longas. Mais conforto e diversão!</p>
