{"id":2287,"date":"2025-01-25T17:32:00","date_gmt":"2025-01-25T17:32:00","guid":{"rendered":"https:\/\/oporto-specialrentalbikes.pt\/?post_type=product&#038;p=2287"},"modified":"2026-02-21T17:24:40","modified_gmt":"2026-02-21T17:24:40","slug":"pedais-shimano-spd-mtb","status":"publish","type":"product","link":"https:\/\/oporto-specialrentalbikes.pt\/en\/product\/pedais-shimano-spd-mtb\/","title":{"rendered":"Shimano SPD-MTB Pedals"},"content":{"rendered":"<p>O\u00a0<b>SPD<\/b>\u00a0\u00e9 um sistema que tem bom desempenho na bicicleta ou fora dela, criado para atender \u00e0s necessidades do ciclismo de montanha. Elimin\u00e1mos os clips nos dedos dos p\u00e9s e integr\u00e1mos o\u00a0<b>pedal<\/b>\u00a0e a sola exterior num \u00fanico sistema de transfer\u00eancia de pot\u00eancia unificada para aumentar a pot\u00eancia para o\u00a0<b>pedal<\/b>.<\/p>","protected":false},"excerpt":{"rendered":"<p>Pedais Shimano SPD-MTB.<\/p>","protected":false},"featured_media":2288,"comment_status":"open","ping_status":"closed","template":"","meta":{"zakra_page_container_layout":"customizer","zakra_page_sidebar_layout":"customizer","zakra_remove_content_margin":false,"zakra_sidebar":"customizer","zakra_transparent_header":"customizer","zakra_logo":0,"zakra_main_header_style":"default","zakra_menu_item_color":"","zakra_menu_item_hover_color":"","zakra_menu_item_active_color":"","zakra_menu_active_style":"","zakra_page_header":true},"product_brand":[],"product_cat":[74],"product_tag":[],"class_list":{"0":"post-2287","1":"product","2":"type-product","3":"status-publish","4":"has-post-thumbnail","6":"product_cat-pedais","8":"first","9":"instock","10":"virtual","11":"purchasable","12":"product-type-simple"},"_links":{"self":[{"href":"https:\/\/oporto-specialrentalbikes.pt\/en\/wp-json\/wp\/v2\/product\/2287","targetHints":{"allow":["GET"]}}],"collection":[{"href":"https:\/\/oporto-specialrentalbikes.pt\/en\/wp-json\/wp\/v2\/product"}],"about":[{"href":"https:\/\/oporto-specialrentalbikes.pt\/en\/wp-json\/wp\/v2\/types\/product"}],"replies":[{"embeddable":true,"href":"https:\/\/oporto-specialrentalbikes.pt\/en\/wp-json\/wp\/v2\/comments?post=2287"}],"wp:featuredmedia":[{"embeddable":true,"href":"https:\/\/oporto-specialrentalbikes.pt\/en\/wp-json\/wp\/v2\/media\/2288"}],"wp:attachment":[{"href":"https:\/\/oporto-specialrentalbikes.pt\/en\/wp-json\/wp\/v2\/media?parent=2287"}],"wp:term":[{"taxonomy":"product_brand","embeddable":true,"href":"https:\/\/oporto-specialrentalbikes.pt\/en\/wp-json\/wp\/v2\/product_brand?post=2287"},{"taxonomy":"product_cat","embeddable":true,"href":"https:\/\/oporto-specialrentalbikes.pt\/en\/wp-json\/wp\/v2\/product_cat?post=2287"},{"taxonomy":"product_tag","embeddable":true,"href":"https:\/\/oporto-specialrentalbikes.pt\/en\/wp-json\/wp\/v2\/product_tag?post=2287"}],"curies":[{"name":"wp","href":"https:\/\/api.w.org\/{rel}","templated":true}]}}

<p>O <b>SPD</b> é um sistema que tem bom desempenho na bicicleta ou fora dela, criado para atender às necessidades do ciclismo de montanha. Eliminámos os clips nos dedos dos pés e integrámos o <b>pedal</b> e a sola exterior num único sistema de transferência de potência unificada para aumentar a potência para o <b>pedal</b>.</p>
