{"id":2283,"date":"2025-01-25T17:29:11","date_gmt":"2025-01-25T17:29:11","guid":{"rendered":"https:\/\/oporto-specialrentalbikes.pt\/?post_type=product&#038;p=2283"},"modified":"2026-02-21T17:26:11","modified_gmt":"2026-02-21T17:26:11","slug":"capacete","status":"publish","type":"product","link":"https:\/\/oporto-specialrentalbikes.pt\/en\/product\/capacete\/","title":{"rendered":"Helmet"},"content":{"rendered":"<p>Um capacete de estrada elegante com avan\u00e7ada tecnologia WaveCel e um equil\u00edbrio entre conforto e desempenho para todos os ciclistas.<\/p>\n<h3 class=\"text-lg font-semibold mb-1\">Detalhes do produto<\/h3>\n<ol class=\"prod-overview__key-features__orderedlist\">\n<li class=\"prod-overview__key-features__orderedlist-items\">Tecnologia avan\u00e7ada de capacetes WaveCel<\/li>\n<li class=\"prod-overview__key-features__orderedlist-items\">O sistema de ajuste intuitivo com apenas uma m\u00e3o Headmaster II facilita os ajustes relativamente \u00e0 altura e \u00e0 circunfer\u00eancia<\/li>\n<li class=\"prod-overview__key-features__orderedlist-items\">Os separadores LockDown facilitam a gest\u00e3o das cintas do capacete e facilitam o ajuste<\/li>\n<li class=\"prod-overview__key-features__orderedlist-items\">Prote\u00e7\u00f5es acolchoadas do capacete macias, confort\u00e1veis, lav\u00e1veis e \u00e0 prova de humidade<\/li>\n<li class=\"prod-overview__key-features__orderedlist-items\">O Compromisso de Substitui\u00e7\u00e3o por Acidente garante a substitui\u00e7\u00e3o gratuita do capacete caso este seja envolvido num acidente no primeiro ano ap\u00f3s a compra.<\/li>\n<li class=\"prod-overview__key-features__orderedlist-items\">O Compromisso Incondicional de 30 dias permite que devolvas o teu capacete se n\u00e3o ficares satisfeito por alguma raz\u00e3o<\/li>\n<li class=\"prod-overview__key-features__orderedlist-items\">O Compromisso de Substitui\u00e7\u00e3o por Acidente garante a substitui\u00e7\u00e3o gratuita do capacete caso este seja envolvido num acidente no primeiro ano ap\u00f3s a compra.<\/li>\n<\/ol>","protected":false},"excerpt":{"rendered":"<h3><strong>Capacete Bontrager Starvos WaveCel ou Similar<\/strong><\/h3>","protected":false},"featured_media":2860,"comment_status":"open","ping_status":"closed","template":"","meta":{"zakra_page_container_layout":"customizer","zakra_page_sidebar_layout":"customizer","zakra_remove_content_margin":false,"zakra_sidebar":"customizer","zakra_transparent_header":"customizer","zakra_logo":0,"zakra_main_header_style":"default","zakra_menu_item_color":"","zakra_menu_item_hover_color":"","zakra_menu_item_active_color":"","zakra_menu_active_style":"","zakra_page_header":true},"product_brand":[],"product_cat":[16],"product_tag":[],"class_list":{"0":"post-2283","1":"product","2":"type-product","3":"status-publish","4":"has-post-thumbnail","6":"product_cat-accessories","8":"first","9":"instock","10":"virtual","11":"purchasable","12":"product-type-simple"},"_links":{"self":[{"href":"https:\/\/oporto-specialrentalbikes.pt\/en\/wp-json\/wp\/v2\/product\/2283","targetHints":{"allow":["GET"]}}],"collection":[{"href":"https:\/\/oporto-specialrentalbikes.pt\/en\/wp-json\/wp\/v2\/product"}],"about":[{"href":"https:\/\/oporto-specialrentalbikes.pt\/en\/wp-json\/wp\/v2\/types\/product"}],"replies":[{"embeddable":true,"href":"https:\/\/oporto-specialrentalbikes.pt\/en\/wp-json\/wp\/v2\/comments?post=2283"}],"wp:featuredmedia":[{"embeddable":true,"href":"https:\/\/oporto-specialrentalbikes.pt\/en\/wp-json\/wp\/v2\/media\/2860"}],"wp:attachment":[{"href":"https:\/\/oporto-specialrentalbikes.pt\/en\/wp-json\/wp\/v2\/media?parent=2283"}],"wp:term":[{"taxonomy":"product_brand","embeddable":true,"href":"https:\/\/oporto-specialrentalbikes.pt\/en\/wp-json\/wp\/v2\/product_brand?post=2283"},{"taxonomy":"product_cat","embeddable":true,"href":"https:\/\/oporto-specialrentalbikes.pt\/en\/wp-json\/wp\/v2\/product_cat?post=2283"},{"taxonomy":"product_tag","embeddable":true,"href":"https:\/\/oporto-specialrentalbikes.pt\/en\/wp-json\/wp\/v2\/product_tag?post=2283"}],"curies":[{"name":"wp","href":"https:\/\/api.w.org\/{rel}","templated":true}]}}

<p>Um capacete de estrada elegante com avançada tecnologia WaveCel e um equilíbrio entre conforto e desempenho para todos os ciclistas.</p>
<h3 class="text-lg font-semibold mb-1">Detalhes do produto</h3>
<ol class="prod-overview__key-features__orderedlist">
<li class="prod-overview__key-features__orderedlist-items">Tecnologia avançada de capacetes WaveCel</li>
<li class="prod-overview__key-features__orderedlist-items">O sistema de ajuste intuitivo com apenas uma mão Headmaster II facilita os ajustes relativamente à altura e à circunferência</li>
<li class="prod-overview__key-features__orderedlist-items">Os separadores LockDown facilitam a gestão das cintas do capacete e facilitam o ajuste</li>
<li class="prod-overview__key-features__orderedlist-items">Proteções acolchoadas do capacete macias, confortáveis, laváveis e à prova de humidade</li>
<li class="prod-overview__key-features__orderedlist-items">O Compromisso de Substituição por Acidente garante a substituição gratuita do capacete caso este seja envolvido num acidente no primeiro ano após a compra.</li>
<li class="prod-overview__key-features__orderedlist-items">O Compromisso Incondicional de 30 dias permite que devolvas o teu capacete se não ficares satisfeito por alguma razão</li>
<li class="prod-overview__key-features__orderedlist-items">O Compromisso de Substituição por Acidente garante a substituição gratuita do capacete caso este seja envolvido num acidente no primeiro ano após a compra.</li>
</ol>
